+ 5*c + 70. Let j = -9 + n. What is the units digit of j?
9
Let o = 13 + -9. What is the units digit of o?
4
Suppose -3*x - 25 = -8*x. Let l = 5 - x. Suppose 0 = -4*r - r + 2*p + 75, -3*r + 3*p + 36 = l. What is the units digit of r?
7
Suppose -5*q + 9 = 2*j, 5*q + 6 = 3*q. Suppose 0 = -3*g + 27 + j. What is the tens digit of g?
1
Suppose 0 = 7*j - 6*j - 59. What is the tens digit of j?
5
Suppose -l + 59 + 48 = 0. Let c = l - 56. Suppose 0 = -4*g - 3*u + 33, 4*u - c = -4*g - 19. What is the units digit of g?
9
Let k be 3*-3*20/18. Let i = 37 - 22. What is the units digit of (-66)/k - (-6)/i?
7
Let q be (1 + 4)*(-1 + 0). Let o = q - -15. What is the tens digit of o?
1
Let t = 0 + 9. Let w = -4 + t. What is the units digit of w?
5
Let w = -20 + 32. What is the tens digit of w?
1
Suppose 0 = -4*d + 3*d - 5. Let a = d - -18. What is the units digit of a?
3
Suppose 0 = -3*v - 5*c + 143, 2*v - 5*c = 58 + 54. What is the tens digit of v?
5
Let u = 3 - 1. Let f = 13 - u. Suppose -4*s + h = -35, s - 2*s + f = 2*h. What is the units digit of s?
9
Let d(h) = 78*h**3 - h**2. Let w be d(-1). Let c be 8/32 + w/(-4). Suppose 0 = -3*s + m + 19, s + 2*s - 2*m - c = 0. What is the units digit of s?
6
Suppose -3*q - 3 = -r - 0*r, -2*q = 2*r + 2. Suppose -3*k + 7*k = r. Suppose -2*f + 9 + 13 = k. What is the units digit of f?
1
Let w = 56 + -4. What is the units digit of w?
2
Suppose 307 = 5*b - 4*t, -6*t = -4*b - 3*t + 246. What is the tens digit of b?
6
Let f be 1/(1/(2 + 0)). Suppose -8 - 6 = -f*y. What is the units digit of y?
7
Let k(z) = z. Suppose -c = -3*g + 3 - 12, 2*c + g - 11 = 0. Let j be k(c). Let b = j - 5. What is the units digit of b?
1
Let t(z) = z**3 - 3*z**2 + 2*z + 2. Let j be t(2). Suppose 3*a - v = 0, -2*a - j*v + 3*v = 1. Let l = a - -1. What is the units digit of l?
2
Suppose 1500 = 10*t + 5*t. What is the units digit of t?
0
Let r = 27 + -20. What is the units digit of r?
7
Let w = -17 + 31. What is the tens digit of (w/(-4))/7*-110?
5
Let m(o) be the second derivative of o**3/3 - 3*o**2 - 8*o. Suppose 4*l = -l - d + 28, 0 = 5*d - 15. What is the units digit of m(l)?
4
Let j(m) = -6*m + 13. What is the tens digit of j(-8)?
6
Let m be (-10)/4*2*-1. Let o = m + -3. What is the units digit of o?
2
Let d = -3 - -3. Suppose d = f - 5*f - 16. What is the tens digit of -4*((2 - 2) + f)?
1
Suppose 3*n - 20 = 5*n. Let q(w) = w + 10. Let s be q(n). Suppose t + s = 6. What is the units digit of t?
6
Let n(a) = a**3 - 15*a**2 + 16*a - 7. Let z be n(14). Suppose -6 + z = 5*l. What is the units digit of l?
3
Let a = 1 - 5. Let x be a/14 + (-78)/21. What is the units digit of (-2)/x + (-26)/(-4)?
7
Let v = 7 + 6. What is the tens digit of v?
1
Suppose 3*v + 10 = 8*v. Let z be 14/v - 2*1. Suppose -2*j + z = -1. What is the units digit of j?
3
Suppose -58 = -4*t + 66. Let g = t - 17. What is the units digit of g?
4
Suppose -2*c - 296 = -4*h, 5*c = 29 - 9. What is the units digit of h?
6
Let b = 213 + 81. What is the tens digit of b?
9
Suppose 4*d = -5*b - 0*b + 16, -3*b - 20 = -5*d. Suppose -5*r + 15 = -0*r + 2*m, -d*r = 3*m - 12. What is the units digit of r?
3
Suppose 0 = -4*s - 3*f + 185, -106 = -3*s + 4*f + 14. Let u = s + -31. Suppose -5*h = -22 - u. What is the units digit of h?
7
Let q(b) = -b**3 + 3*b**2 + 3*b + 13. What is the hundreds digit of q(-6)?
3
Suppose -5*t + 22 - 2 = 0. Let i(z) = -z - 4. Let l be i(-4). Suppose l = t*h + 4 - 28. What is the units digit of h?
6
Suppose -p = -5*p - 8. Let q = p - 1. What is the units digit of (5 + 1)/(q - -4)?
6
What is the tens digit of (114/(-15))/(2/(-40))?
5
Let o(w) = -2*w. Let x be o(-5). Suppose -x*r + 40 = -5*r. What is the units digit of r?
8
Let g(s) = s**3 + 8*s**2 + 6*s - 2. Let t be g(-7). Let n = 71 - 46. Suppose -2*d - 5*l - n = -7*d, -3*d - 2*l + t = 0. What is the units digit of d?
3
Let b(c) = 3*c + 14. What is the units digit of b(5)?
9
Let b(z) = 5*z**2 - z. Let d = -3 - -2. Let o be b(d). Suppose 5*g = 14 + o. What is the units digit of g?
4
Let t(g) = -g**3 + 2*g**2 + 3*g - 3. What is the units digit of t(2)?
3
Let p(y) = 17*y**3 + 7*y**2 - y - 6. Let z(n) = 8*n**3 + 3*n**2 - 3. Let a(t) = -4*p(t) + 9*z(t). What is the tens digit of a(2)?
3
Suppose 3*o = -2*d + 19, 4*d + 6 = -3*o + 35. Let y be 3/(2*(-6)/(-16)). Suppose -5 = -o*s + y. What is the units digit of s?
3
Let g(i) = i + i - 4*i - 8 + 1. What is the tens digit of g(-9)?
1
Let x be 2/6*(-2 + 35). Let h(f) = 4*f + 16. Let p be h(x). Suppose 21 = -3*g + p. What is the units digit of g?
3
Let k = -3 + 6. Suppose -4*j - 2 = -c - 1, -4*j = -3*c + k. Suppose -s + 8*p = 4*p - 21, j = 5*s + 2*p - 39. What is the units digit of s?
9
Suppose 2*x = -2*x + 24. Let z = x + 6. What is the units digit of z?
2
Let i(m) = 4*m - 3. Let u = 6 - 1. Suppose 2*d + q = -q + 14, 2*d + u*q = 23. What is the tens digit of i(d)?
1
Suppose -4*k + 21 = -3. Suppose 5*s = -5*r + 80, k*r - 2*s = r + 52. What is the units digit of r?
2
Suppose -2*m + 4*j - 5 + 3 = 0, m - 9 = -3*j. Let w = -1 - -5. Let v = w + m. What is the units digit of v?
7
Let k = -9 + 28. Suppose 0 = -4*n + 25 + k. Let q = -7 + n. What is the units digit of q?
4
Let d be (-2)/(-5) + (-618)/(-30). Suppose -3*u + d = -2*u. What is the tens digit of u?
2
Suppose 0 = y - 4*s + 25, -3*y + 0*s - 35 = -4*s. Let c(f) = -f + 2. What is the units digit of c(y)?
7
Let w = 66 - -173. What is the units digit of w?
9
Suppose 90 - 6 = 4*h. What is the units digit of h?
1
Suppose 4*j - 4*n = 192, -2*j + j - n = -46. What is the tens digit of j?
4
Let u = 85 - 53. What is the units digit of u?
2
Let f = 89 + 116. What is the units digit of f?
5
Suppose -2*s + y = -3*y, -4*y + 20 = 3*s. Suppose 0 = m + 4*u + u + s, -5*u - 34 = -4*m. What is the units digit of (9/m)/3*2?
1
Let c be ((-8)/10)/((-2)/5). Let p = c + 1. Let s = 7 - p. What is the units digit of s?
4
Let o be (6*9/6)/1. Suppose 2*u = y + o, 0 = u - 4*u - y + 26. Let g(h) = h + 3. What is the units digit of g(u)?
0
Suppose 0 = -3*d - 8*t + 3*t + 29, 3*d + 3*t - 21 = 0. What is the units digit of -1 - (d/1)/(-1)?
2
Let l(g) = 3*g**2 - 25*g + 2. What is the units digit of l(10)?
2
Let s(h) = h**3 + 7*h**2 + 6*h + 6. Suppose 34 = -3*q + 4*a, 0*q - a - 8 = 2*q. What is the units digit of s(q)?
6
Suppose 3*f = -4*x - 4, 2*x - 6*f = -f + 24. What is the units digit of x?
2
Let y(d) = -3*d**2 - 4*d - 1. Let v(n) = 7*n**2 + 8*n + 2. Let f(l) = 3*v(l) + 5*y(l). What is the tens digit of f(2)?
3
Let c(j) be the third derivative of -j**6/60 + j**5/30 + j**3/3 - 2*j**2. Let f be c(2). Let v(b) = -b**2 - 7*b + 6. What is the units digit of v(f)?
2
Suppose 4*g - 12 = 0, -3 + 2 = 4*u + g. What is the units digit of u/(-3) - (-5)/3?
2
Let l be (-2 + -2 + 5)*2. Let y = l + 5. What is the units digit of y?
7
Suppose 5*f = -3*q + 60, -q + f = -3*f - 37. Suppose 0 = -2*r - 7 + q. What is the units digit of r?
9
Let m be (-13)/(-2) - (-12)/(-8). Suppose -m*g + 33 = -2*g. What is the tens digit of g?
1
Suppose 24 = 2*p - 5*d, -4*p - 3*d - 4 = -0*p. Suppose -w + i - 8 = 0, 2*i + 3*i = 2*w + 31. What is the units digit of w + 2 - (-1 - p)?
2
Let d be -2 - (1 + (-1 - 2)). Suppose -3*f - 45 = -d*f. Let q = 29 + f. What is the tens digit of q?
1
Suppose -20*v - 325 = -25*v. What is the tens digit of v?
6
Suppose 0 = -z + 21 - 2. Suppose 5*h = z + 16. What is the units digit of h?
7
Let t be 15/(-20) + 326/8. Suppose 5*h - 3*m = 34, -m = -4*h - 5*m + t. What is the units digit of h?
8
Let h = 9 + -13. What is the units digit of 1/(((-8)/6)/h)?
3
Let t be (-24)/(-8)*16/(-6). Let a = t - -20. Suppose -3*n + 9 = -a. What is the units digit of n?
7
Let l(s) = s**3 - 3*s**2 - 6*s + 7. Let v be l(5). Let a = 43 - v. Suppose -6 = 3*k, 2*k = g + g - a. What is the units digit of g?
6
Let a(x) = -x**3 - 3*x**2 + 2*x - 3. Let v be a(-3). Let n = 14 + v. Let y = n + -4. What is the units digit of y?
1
Let t(r) = -11*r - 8. Let h be t(-8). Suppose 4*i - h = 40. What is the units digit of i?
0
What is the tens digit of (-2)/4 + (-87)/(-2)?
4
Suppose -4*h = -4*c - 20, -3*c - 6*h + 25 = -h. Suppose 0 = -c*l + 4*l - 56. What is the units digit of l?
4
Let z(j) = -3*j - 1. Let t be z(-1). Suppose -2*p + o + 40 = 0, -6*o = -t*o. What is the units digit of (-64)/(-10) - 8/p?
6
Suppos